*d - 1/2*d**2. What is u(w)?
-17
Let m(p) = -1270 + p**2 - 3*p**2 - 50*p - 1236 + 2558. Determine m(-26).
0
Let d(g) = -g**2 + 6*g + 60. Let r = -20884 + 20879. Calculate d(r).
5
Let p(x) be the second derivative of -1/2*x**2 + 1/2*x**3 - 1/4*x**4 + x + 91. What is p(1)?
-1
Suppose 3*r - 4 = -11*z + 13*z, 3*r + 5*z + 31 = 0. Let g(d) be the third derivative of d**4/8 - d**3/6 - 2*d**2. Give g(r).
-7
Let s be 2/2*-1*5. Let b(h) = -3*h + 5 + 0*h - 2*h + 6*h - 2*h + 2*h. Determine b(s).
0
Let x(b) = -62 + 60 + b + 18. Determine x(6).
22
Let k(z) = z**3 + 2*z**2 - 2*z - 2. Let h be (-1)/((-201)/99 - -2). Let t = -31 + h. Suppose 0 = t*y + 4, y = d - y - 2. What is k(d)?
2
Suppose -11 = 5*w + 2*b, -2*b - 1 - 3 = -2*w. Let i(c) = 5*c**2 + c + 4. Give i(w).
8
Let c(p) be the third derivative of -p**4/12 + 7*p**3/2 - 2*p**2. Let y be 10/70 - 123/(-21) - -3. Determine c(y).
3
Let l(g) be the third derivative of 19*g**4/12 + 3*g**3/2 - 4894*g**2. Give l(-2).
-67
Let g(u) = -37 + 7 + 23 - u. Let w be g(-12). Suppose 8*n - 3*n = x - 6, w*x + 54 = -3*n. Let j(k) = -k**2 - 8*k + 3. Determine j(x).
-6
Let w(c) = -176*c + 6144. Let z be w(35). Let v(d) = -d - 36. Calculate v(z).
-20
Let z(q) = -q**3 + 59*q**2 - 270*q - 2. Let w be z(54). Let b(n) = 6*n**3 - n**2 - 3*n - 1. Give b(w).
-47
Let t(s) = s**3 + 3*s**2 + 9*s + 17. Let v be t(-2). Let w(m) = 2*m**3 + 2*m**3 - 2*m**3 - 5 - m**2 - v*m + 3. Determine w(-2).
-16
Let w(j) = -2*j - 8. Suppose 9*f - 12 = -2*m + 7*f, 9*f - 29 = -4*m. Determine w(m).
-18
Let s(n) = -n + 27. Let j = -157 + 178. Let r be s(j). Let p(z) = -z**3 + 5*z**2 + 8*z - 7. Calculate p(r).
5
Let x(l) = 2*l - 24. Let d = 14449 + -14445. What is x(d)?
-16
Let w(t) = -5*t**3 + 58*t**2 + 61*t + 85. Let n(c) = 2*c**3 - 19*c**2 - 20*c - 28. Let u(d) = 8*n(d) + 3*w(d). What is u(-21)?
-11
Let g = 40 - 39. Suppose -5 = -2*s + g. Let a(i) = 2*i**2 - 1. What is a(s)?
17
Let c(a) = 4*a + 48. Suppose 0 = 4*o - 5*x + 36, -5*o - 259*x - 58 = -262*x. Determine c(o).
-8
Let o(r) be the first derivative of -r**3/3 - 5*r**2/2 - 3*r + 33. Let p = -22 - -19. What is o(p)?
3
Let r be 36/(-8) - 1/(-2). Let z(i) = 2*i - 3*i - 75 - 81 + 3*i + 158. Calculate z(r).
-6
Let u(n) = -9*n - 80. Let q be u(-5). Let v be (0 + 7/q)*-5. Let b(c) = -c**2 - c + 1. Give b(v).
-1
Let u(i) = i**2 + 3*i + 8. Let b(m) = 17*m**3 - m**2 - 2. Let f be b(2). Suppose -127*o = -f*o - 15. Give u(o).
18
Let v = -38 + 44. Suppose -3*c + 0 = -v. Suppose -2*j = 5*b - 27, -9 + 26 = 3*b + c*j. Let r(z) = -z**3 + 4*z**2 + 4*z + 5. What is r(b)?
0
Let q(v) = -16*v**2 - 2*v**2 + v**2 + v**3 + 13*v**2 - 8 + 3*v - 5*v**2. Give q(9).
19
Let o(a) = 947 - 1838 + 1142 + 11*a. Give o(-23).
-2
Let m(f) = f**3 - 13*f**2 + 13*f - 26. Suppose 0 = -9*b - 114*b + 1476. What is m(b)?
-14
Suppose 5*v = -g - 244, 2*v = -g - 70 - 171. Let h = -241 - g. Let k(s) be the first derivative of -s**4/4 - s**3/3 - s**2/2 - 2*s + 1. Give k(h).
4
Let b(a) be the first derivative of -8*a + 1/2*a**2 + 119. Give b(6).
-2
Let z(o) = -o**3 - 7*o**2 - 6*o + 1. Let p(g) = -2*g - 21. Let f be p(-10). Let a be (-2)/4*10 + f. Give z(a).
1
Suppose 2*s - 1031 - 62 = 5*a, 660 = -3*a - 3*s. Let c = 225 + a. Let n(t) = -t + 1. Give n(c).
-5
Let y(v) = v**3 - 34*v**2 + 2*v - 54. Let z = 22527 - 22493. Calculate y(z).
14
Let q(x) = -14*x**2 + 3*x + 2. Let b be q(-1). Let h be 1*(-5)/(b/(-18)). Let f(z) = -z**2 - 5*z + 4. Calculate f(h).
-2
Let f(y) = -2*y**2 + 33*y + 29. Let i(h) = 4*h**2 - 63*h - 55. Let v(c) = 11*f(c) + 6*i(c). What is v(7)?
-18
Suppose 0 = 4*b - 3*f - 0*f + 240, -f = -4. Let j = -2210 - -2154. Let y = j - b. Let a(n) = -3*n**2 - n. Determine a(y).
-4
Let j = -2 + -1. Let g(r) = -19*r - 23. Let f(w) = -8*w - 6. Let k(l) = 2*f(l) - g(l). What is k(j)?
2
Let d(w) = 3*w - 2. Suppose 4*m - 6 = 10. Suppose -2 = m*p + 6. Let r be -10 + p*9/(-6). Determine d(r).
-23
Let f(q) = 11*q - 1. Suppose -5*p + 0*b = -2*b - 38, -3*p + b = -23. Suppose -11*m - p = -3*m. Determine f(m).
-12
Let j(q) = -9*q**2 - 25*q - 9. Let l(i) = 5*i**2 + 13*i + 4. Let o(t) = -6*j(t) - 11*l(t). Suppose -1133*y + 1131*y + 31 = -5*s, y = 4*s + 20. Determine o(y).
2
Suppose -1128*r + 1176 = -2208. Let n(j) = 2*j**2 - 3*j - 1. Let y(o) = -4*o**2 + 5*o + 2. Let b(u) = -5*n(u) - 2*y(u). What is b(r)?
-2
Let r(s) = -s**2 + 11*s - 13. Suppose -102*l - 2*z = -107*l + 35, l - 14 = -z. What is r(l)?
5
Suppose 3*x - x = 0. Suppose x = -5*p + 7 - 2. Let n(c) be the first derivative of -5*c**2/2 - c - 27071. Determine n(p).
-6
Let a(n) be the first derivative of n**3/3 + 3*n**2 - 8*n + 28. Suppose 0 = 3*y + 9, 0*p + p = -2*y. Let q be (1 - 2)*p - 1. Give a(q).
-1
Let b be 3/(((-6)/24)/(1/(-4))). Let m(x) = -2*x**3 + 4*x**2 + 23*x - 45. What is m(b)?
6
Let z(u) = 2*u**2 - u - 5. Suppose 2058*l - 2106*l - 144 = 0. Calculate z(l).
16
Let b(d) = -d**2 + 4*d - 4. Suppose -2*l - 45 = 881. Let j = 467 + l. What is b(j)?
-4
Let v(a) = a**2 - 18*a + 76. Let w be v(10). Let f be 14*(-2)/(-4) + w. Let n(m) = -m**2 - 4. Calculate n(f).
-13
Suppose 34*q + 320 = -81*q - 715. Let c(y) = -7*y - 45. What is c(q)?
18
Let l(p) = 2*p. Let s = -168 + 167. Let m(b) = -35*b - 1. Let n(o) = s*m(o) + 7*l(o). Calculate n(1).
50
Let l(r) = r**3 + 8*r**2 + 4*r - 16. Let s(q) = -2*q**2 - 17*q - 2. Let y be s(-8). Let c = y - 13. Let t be l(c). Let z(g) = -2*g + 3. Calculate z(t).
-7
Let u(x) be the first derivative of -2/3*x**3 + 0*x - 14 - 5/24*x**4 - 5/2*x**2. Let k(m) be the second derivative of u(m). Determine k(-3).
11
Suppose -4*f - 359 = -1163. Suppose 23 = 32*k - f. Let s(c) = -5*c**2 + c**2 - 4*c + c**3 - 3*c**2 + 9. Determine s(k).
-19
Let s(k) = 23*k + 1. Let r(m) = -15*m**2 + 7*m + 15. Let u be r(-4). Let t = 254 + u. Determine s(t).
24
Let s(i) = -2. Let u(t) = t + 2. Let v(g) = -5*g + 1. Let z(x) = 4*u(x) + v(x). Let q(m) = 4*s(m) + z(m). What is q(1)?
0
Let d be 18/(-81) + 38/9. Let p(o) = 121*o - 5. Let l(k) = 27*k - 1. Let h(u) = -9*l(u) + 2*p(u). Calculate h(d).
-5
Let y(b) be the first derivative of -1/6*b**3 + 19 - 17/2*b**2 + 0*b - 5/24*b**4. Let s(j) be the second derivative of y(j). Give s(-1).
4
Let o(y) = -2*y**3 - 21*y**2 + 3*y + 3. Let g be o(-7). Let z = g - -368. Let x(n) = -n**3 + 9*n**2 - 9*n - 10. What is x(z)?
25
Let k(g) = -1 - 2*g**2 - 13*g + 14*g - g**2 + g**2. Let u(i) = i**3 - 19*i**2 + 2. Let a be u(19). Determine k(a).
-7
Let b(v) = -v + 15. Let i be (-14)/((-98)/63) + -8. Let y(o) = 18*o**2 - 10*o + 6. Let t be y(i). What is b(t)?
1
Suppose 0 = 28*p + 28*p + 71*p - 3048. Let b(i) = 2*i**3 - 56*i**2 + 191*i + 27. What is b(p)?
3
Let a(c) be the second derivative of c**5/20 + 7*c**4/4 + 7*c**3 + 38*c**2 - 1533*c. Calculate a(-19).
0
Let d(z) be the first derivative of -z**4/4 + 7*z**3/3 + 9*z**2 + 10*z + 2790. Calculate d(9).
10
Let k(a) = -2*a**3 + 19*a**2 + 2. Let r(v) = 4*v**3 - 40*v**2 - v - 4. Let w(m) = -7*k(m) - 3*r(m). Give w(6).
-20
Let h(x) = -309*x + 4652. Let y be h(15). Let c(u) be the first derivative of y + 1/3*u**3 + 6*u + 2*u**2. Calculate c(-5).
11
Suppose 4 = 2*m - 4*t + 6*t, t = -2*m + 4. Let x(v) = m*v**2 - 12*v**2 - 3*v**2 + 5*v**2 + v. Determine x(-1).
-9
Let s(f) = f + 1. Suppose -6*c + 130 = 7*c. Suppose 0 = -z + 11*z + c. Give s(z).
0
Let r(s) = -6*s**3 - 31*s**2 + s - 5. Suppose 5*j + 4*x + 43 = -14, -4*j = -5*x - 20. Give r(j).
-35
Let s(p) = 2*p**2 - 3*p - 2. Let i be s(3). Let x(b) be the second derivative of b + 1/20*b**5 + 3/2*b**2 - 2/3*b**4 + 2 + 7/6*b**3. What is x(i)?
3
Suppose 2*w - 3 - 7 = 0. Let h = 29 + -27. Let y(g) = 3*g**h - 4 - 3*g**3 + 2*g**3 + 2*g**2. What is y(w)?
-4
Let u = -198 + 229. Let i(g) = g + g**2 + 78 - 27 - 20 - u. What is i(-5)?
20
Let p(b) = b**3 - 3*b**2 + 9*b + 4. Let z(q) = q**3 - 5*q**2 + 10*q + 4. Suppose 1 = -y - 0*m + 5*m, -y + 4*m = 0. Let l(o) = y*z(o) - 5*p(o). What is l(-3)?
-7
Let t(c) = -2*c - 1. Suppose 1102 = -3*u + 4*d, 4 = -2*d - 0*d. Let y be 0*9/(-6)*6/(-9). Let j be u/60 + (2/12 - y). Determine t(j).
11
Suppose -5*w = -4*j - w + 4, -2*w + 4 = 0. Let o(g) = 10*g**2 - 5*g + 1. What is o(j)?
76
Let b(n) = 11 - 23564589*n - 2 + 23564581*n + n**2. Suppose 2*u = 2*w + 2*w - 20, 0 = -5*u - 10. Calculate b(w).
-7
Let q(m) = -2*m**3 + 63*m**2 + 71*m + 23. Let j(z) = -z**3 + 36*z**2 